when 27 is divided by r/(-28) + (-12)/28 - -10?
7
Suppose 372 = 2*k + 2*k. Suppose -3 = -s + 2*s, 2*f - 2*s - 44 = 0. Suppose -f*t + 99 + 509 = 0. Calculate the remainder when k is divided by t.
29
Let z(y) = -27*y + 11*y - 1 - y**3 + 8*y - 10*y**2. Let q be z(-9). What is the remainder when 1160/100 + (-4)/q is divided by 3?
0
Let a(x) be the third derivative of x**5/60 + 19*x**4/24 - 49*x**3/6 + 106*x**2. Calculate the remainder when a(-25) is divided by 13.
10
Let c = -60 + 60. Suppose -10*m + 12*m = c, 0 = -4*x + 4*m + 932. Calculate the remainder when x is divided by 59.
56
Let r be (18/4)/(((-35)/(-40))/7). Suppose -4*v + 52 = -r. What is the remainder when v is divided by 6?
4
Let c(q) = 5*q**3 - 45*q**2 + 6*q - 32. Calculate the remainder when 1056 is divided by c(10).
0
Let d = -27 + 95. Let w = 192 + -199. Let c(x) = x**2 + 5*x + 4. What is the remainder when d is divided by c(w)?
14
Suppose 0 = -2*w - 3*w - w. Suppose 2*l - p - 6 = w, 6*l = l - p + 8. Let n = 7 - l. Calculate the remainder when 11 is divided by n.
1
Let d(x) = x**3 + 6*x**2 - 11*x - 9. Suppose -63 = 40*b - 39*b. Let v = -70 - b. What is the remainder when 53 is divided by d(v)?
15
Suppose 0 = 2*a + 44 - 120. Suppose 2*b - 57 = 5*v, -2*v = b + 2*b - a. Calculate the remainder when b is divided by 7.
2
Let c be ((-22)/(-6))/(8*(-1)/(-648)). Suppose 0 = -8*w - 81 + c. What is the remainder when w is divided by 20?
7
Let c be -6 - 5/((-5)/2). Let m be c - (-265)/5 - 0. Suppose -m*a = -43*a - 486. What is the remainder when a is divided by 17?
13
Suppose 0*u = -2*u - 10, 5*u = t - 34. Suppose 0 = -16*a - 89 + 409. What is the remainder when a is divided by t?
2
What is the remainder when (109072/20 - -2) + (-5)/(50/6) is divided by 43?
37
What is the remainder when 3569 is divided by -633 + 645 + -5*(-2 + 9/3)?
6
Let x be (-188)/(-1)*(5 - 2). Suppose -66 = -9*v + x. Calculate the remainder when v is divided by 26.
18
Let h = 5339 - 5251. Calculate the remainder when 13197 is divided by h.
85
Let n be 4/(-6) + -1 + 17/3. Suppose 3*l - 970 = g - 152, 0 = n*l - 5*g - 1098. Let d = l - 139. Calculate the remainder when d is divided by 17.
14
Let b(v) = 3*v**2 - 11*v + 311. What is the remainder when b(-14) is divided by 151?
147
Let j = 47 - -60. Suppose 5*x - 2*s = 19 + 269, -x + 4*s + 54 = 0. Suppose -643 = x*f - 2267. What is the remainder when j is divided by f?
23
Suppose -467 = 23*h - 2652. Let u(w) = -6*w**2 - 56*w + 2. What is the remainder when h is divided by u(-9)?
15
Let c(g) be the second derivative of -g**3/3 - 6*g**2 - g. Let d(r) = -r**2 + 7*r + 10. Let p be d(9). What is the remainder when 6 is divided by c(p)?
2
Suppose -5*i + 137 = 3*o, 0 = 5*o - 3*i + 2*i - 247. Suppose 5*p + 780 = 9*p. Calculate the remainder when p is divided by o.
48
Let r = -17835 + 17887. Calculate the remainder when 5664 is divided by r.
48
Suppose 17*t = -99*t + 696. Suppose -3*h + 395 = k, 3*h = -4*k + 5*k + 391. Calculate the remainder when h is divided by t.
5
Let d(f) = 0 - 8 + f**2 - 4*f + 8*f - 7. Let c be d(-9). Suppose b + 4*q - 9 - c = 0, 5*q = b - 3. Calculate the remainder when 90 is divided by b.
21
Suppose n - 5*z - 129 = -0*n, 0 = -4*z. Suppose f = 7*f + 21*f - 918. Calculate the remainder when n is divided by f.
27
Suppose 4*t + 260 = 988. Let y(l) = -l**3 - 14*l**2 + 9*l - 53. Calculate the remainder when t is divided by y(-15).
34
Suppose 135 = -328*b + 331*b. What is the remainder when 46 is divided by b?
1
Let p(a) = a + 4. Let s be (4 - 8/2)/2. Suppose 2*v + s*y - 42 = -5*y, 0 = 4*y. What is the remainder when v is divided by p(2)?
3
Let s = -35 + 50. Suppose -30*k = -9*k - 105. Suppose -k*v + 438 = 2*d, -21*d = 5*v - 20*d - 439. Calculate the remainder when v is divided by s.
13
Suppose 19*k - 2593 + 1619 = 2237. What is the remainder when 644 is divided by k?
137
Suppose 17147 = 5*p - 530*m + 528*m, -m = -p + 3430. Calculate the remainder when p is divided by 73.
71
Suppose -5*z = -z - 10*z + 342. Suppose -4*a - 20 = -8*a. Calculate the remainder when z is divided by a.
2
Calculate the remainder when 4719 is divided by (1580 + -6 - 0) + (-10)/5.
3
Let o be ((-64)/(-160))/((-2)/(-30)). Suppose -255 - 147 = -o*f. Calculate the remainder when f is divided by 10.
7
Suppose -1805 = -p - 4*t, 8 = -4*t - 16. What is the remainder when p is divided by 39?
35
Let h(s) = -294*s - 571. What is the remainder when 18 is divided by h(-2)?
1
Let b be ((-16)/6)/(1*(-12)/90). Let l(v) = -5*v + 109. Calculate the remainder when l(b) is divided by 8.
1
Let u = -788 + 763. What is the remainder when (4 - u/(-10))/(2/276) is divided by 192/14 + 2/7?
11
Suppose 37*q + 15*q - 658 = 1838. What is the remainder when 334 is divided by q?
46
Calculate the remainder when 500 is divided by (-6)/3*852/(-8).
74
Let v be (-5391)/(-15) + 8/(-20). Let z = 375 - v. Calculate the remainder when (-93)/(-2)*(-4)/(-6) is divided by z.
15
Suppose 11*v + 4 - 70 = 0. Suppose 28 = -v*c + 34. Calculate the remainder when 4 is divided by c.
0
Let r(n) = 2*n**2 - 3*n - 9. Let p(v) = 121*v**3 + 485*v**2 - 6*v - 17. What is the remainder when r(7) is divided by p(-4)?
22
Let m = -15 - -30. What is the remainder when 2144/(-80)*m/(-6) is divided by 34?
33
Suppose 2455*i - 3393*i = -19698. Suppose 0 = 4*r - 1 - 35. What is the remainder when 222/4*6/r is divided by i?
16
Suppose h - 336*w - 19 = -338*w, -3*h + 90 = -5*w. Let y(i) = 58*i. Calculate the remainder when y(3) is divided by h.
24
Let s(m) = -4*m**3 - 3*m**2 + 7*m + 29. Let g(y) = -3*y - 16. Let t be g(-5). What is the remainder when s(-3) is divided by t/(146/(-36) + 4)?
17
Let o = 30367 + -29927. What is the remainder when o is divided by 127?
59
Let v be -1 + -4 + (99/3)/3. Suppose -415 = -v*z - 313. Let q(h) = 2*h**2 - 3*h + 2. What is the remainder when q(-3) is divided by z?
12
Suppose -72 = -3*l + 6. Suppose 289*y - 293*y = -16. Suppose d - 64 = -i, y*d = 6*d - 5*i - 156. Calculate the remainder when d is divided by l.
16
Suppose 1242 = 26*v - 17*v. Let m = 172 - v. Calculate the remainder when 67 is divided by m.
33
Suppose 24 - 4 = 4*c. Suppose 0 = -c*p + p + 32. Calculate the remainder when (-37)/(-4) - (-17)/((-952)/(-42)) is divided by p.
2
Calculate the remainder when (15 - 50192/(-80)) + -2 + (-6)/(-10) is divided by 99.
47
Suppose -9*h + 8100 = -6768. Suppose n = -4*n - 2*o + 2083, -2*o = -4*n + h. Calculate the remainder when n is divided by 84.
79
What is the remainder when (70/(-40))/((-1)/12) is divided by ((-2)/6)/(10/(-120))?
1
Let i be ((-8)/36 - 25/9)/(-1). Let m(w) = 65*w - 97. Calculate the remainder when m(i) is divided by 37.
24
Let q(w) = w**3 - 8*w**2 - 6*w + 8. Let k(x) = -x**2 - 16*x - 51. Let y be k(-10). What is the remainder when 156 is divided by q(y)?
16
Suppose -80*b + 77*b + 30 = 0. Suppose 0 = b*z - 7*z - 30. Suppose f + 234 = z*f. Calculate the remainder when f is divided by 6.
2
Suppose 4*l - 40 = -2*c + 54, 5*c - 8*l - 271 = 0. What is the remainder when c is divided by 12?
3
Suppose 2*a - a = 3. Let r(b) = b**3 - 4*b**2 + 4*b. Let f be r(a). Suppose 126 = f*i + 30. Calculate the remainder when 157 is divided by i.
29
Let i(t) = -t + 57. Let s be i(4). Let h = 84 - s. Calculate the remainder when 83 is divided by h.
21
Suppose 85997 - 86723 = -3*g. Calculate the remainder when g is divided by 105.
32
Suppose 0 = -3*s + 5*f + 2793, 2*s - 3*f + 5*f - 1830 = 0. What is the remainder when s is divided by 458?
5
Suppose -f = 29218 - 29235. Calculate the remainder when 251 is divided by f.
13
Let l = -49 - -51. Suppose -3*v - 30 = -l*v + 2*k, 2*v = -3*k - 60. What is the remainder when 19 is divided by (v/9 + 0)*-3?
9
Let v(f) = -12*f**2 - 20*f + 33. Let a(s) = 9*s**2 + 21*s - 32. Let d(w) = -5*a(w) - 4*v(w). Calculate the remainder when 317 is divided by d(8).
17
Let x = 257 + -154. Calculate the remainder when 243 is divided by x.
37
Let j(o) = o**3 - o**2 - 1. Let l(f) = 3*f**3 - 4*f**2 - 7*f - 7. Let w(b) = 2*j(b) - l(b). Calculate the remainder when w(-3) is divided by 790/70 - 4/14.
7
Let y(a) = a**2 - 18*a + 59. Let d be y(14). Let m = -100 + 107. Calculate the remainder when (-3 + 1)*-43 + d is divided by m.
5
Let j = -6513 - -6768. Calculate the remainder when j is divided by 18.
3
Let a(z) = 35*z + 